?
False
Is 2083511 a prime number?
True
Is 7146941 prime?
True
Is 4067177 composite?
True
Is 37469 composite?
True
Is 115021693 composite?
True
Is 851445547 a prime number?
False
Is 45193349 prime?
True
Is 2149541 composite?
True
Is 457267 prime?
True
Is 5159587 prime?
False
Is 8074301 a composite number?
False
Is 4910887 prime?
True
Is 11998579 a prime number?
False
Is 48338431 a composite number?
True
Is 4838989 a composite number?
False
Is 7336091 a prime number?
False
Is 392182811 a prime number?
True
Is 435947 a composite number?
False
Is 8357231 a prime number?
False
Is 5827047 a prime number?
False
Is 7868977 a prime number?
False
Is 338883499 composite?
False
Is 9949723 a composite number?
True
Is 2963437 prime?
True
Is 12106199 a composite number?
True
Is 351829 a composite number?
False
Is 7571243 composite?
True
Is 16749109 a prime number?
False
Is 190229713 composite?
False
Is 403787 prime?
True
Is 18138583 a composite number?
True
Is 7220033 composite?
False
Is 1167937 composite?
False
Is 18819649 composite?
True
Is 9855673 a prime number?
False
Is 73262803 composite?
True
Is 822881 prime?
True
Is 11023757 composite?
False
Is 53489099 a composite number?
True
Is 417707 composite?
True
Is 398527 composite?
True
Is 13215779 composite?
False
Is 374111 a prime number?
True
Is 31738337 a prime number?
False
Is 15337277 prime?
False
Is 16689481 prime?
True
Is 2524087 a prime number?
True
Is 259025899 a composite number?
True
Is 381755513 prime?
True
Is 18063767 a prime number?
False
Is 571987957 prime?
True
Is 31888239 a prime number?
False
Is 32204129 prime?
True
Is 552383467 composite?
False
Is 852294259 a prime number?
True
Is 507779 composite?
False
Is 866161 a composite number?
False
Is 16111709 composite?
False
Is 133248307 prime?
False
Is 613957 a prime number?
True
Is 61286107 prime?
True
Is 7778057 a composite number?
True
Is 602578937 composite?
True
Is 62017811 prime?
True
Is 129263 prime?
True
Is 701970017 composite?
True
Is 54041837 prime?
True
Is 2543689 composite?
True
Is 43358613 a composite number?
True
Is 2949043 a composite number?
False
Is 10012549 composite?
True
Is 2990571 a composite number?
True
Is 42519199 a composite number?
False
Is 1615099 a prime number?
False
Is 33016751 a composite number?
True
Is 16133893 composite?
False
Is 106794337 prime?
False
Is 741187 prime?
True
Is 217715591 composite?
False
Is 119302409 a composite number?
False
Is 85447267 a prime number?
True
Is 12342377 a prime number?
False
Is 133571899 a prime number?
True
Is 7470427 composite?
False
Is 162031 prime?
False
Is 21255811 composite?
True
Is 28293911 a prime number?
True
Is 115692931 a composite number?
False
Is 16202191 composite?
True
Is 354829 prime?
True
Is 11406041 composite?
False
Is 170901193 a composite number?
False
Is 127700302 a prime number?
False
Is 175891 composite?
False
Is 1308457 a prime number?
True
Is 1266553 composite?
True
Is 291580153 composite?
True
Is 69376495 composite?
True
Is 5511479 a prime number?
False
Is 66364009 a prime number?
True
Is 9876094 a composite number?
True
Is 37961341 a prime number?
False
Is 409961 prime?
True
Is 146659118 composite?
True
Is 98269213 composite?
True
Is 26999663 a composite number?
True
Is 2021307 prime?
False
Is 329611771 prime?
True
Is 1387027 a prime number?
False
Is 50871593 a prime number?
False
Is 45607309 a composite number?
True
Is 73816469 prime?
True
Is 8658731 a prime number?
False
Is 7108763 composite?
False
Is 103682639 a composite number?
True
Is 2177957 a prime number?
True
Is 1048631 a composite number?
True
Is 1298027 a prime number?
True
Is 26071307 a composite number?
False
Is 81616357 a prime number?
False
Is 266717 a composite number?
True
Is 22411823 composite?
True
Is 1270033 a composite number?
False
Is 23679883 composite?
False
Is 10928791 composite?
True
Is 45427222 a prime number?
False
Is 1906777 a prime number?
False
Is 1498619 a prime number?
True
Is 7763251 a prime number?
False
Is 3423977 a prime number?
False
Is 55999 a prime number?
False
Is 141951269 a composite number?
False
Is 796306685 a composite number?
True
Is 68810083 composite?
True
Is 74422879 composite?
True
Is 30312109 composite?
True
Is 326351 prime?
True
Is 20089789 composite?
True
Is 7609853 prime?
False
Is 1237473127 composite?
True
Is 60494849 prime?
True
Is 169277981 prime?
False
Is 43016417 composite?
True
Is 112906177 a prime number?
True
Is 5687743 composite?
False
Is 85927189 a prime number?
True
Is 8124839 composite?
False
Is 221899 a composite number?
True
Is 4985051 a prime number?
True
Is 309414647 composite?
False
Is 1356973 composite?
False
Is 66145073 a composite number?
False
Is 14054627 a composite number?
True
Is 66816731 a prime number?
True
Is 13406038 composite?
True
Is 1087679 prime?
True
Is 1887797 a prime number?
True
Is 71402469 prime?
False
Is 1231703 a composite number?
True
Is 98263031 a prime number?
False
Is 285644717 a composite number?
True
Is 829001 a composite number?
False
Is 36251839 composite?
True
Is 1448459 a composite number?
True
Is 666527 a composite number?
False
Is 5431691 prime?
True
Is 3860603663 prime?
False
Is 7761059 a prime number?
True
Is 3863785 a prime number?
False
Is 20010913 a composite number?
True
Is 3604009 a prime number?
False
Is 1678769 a prime number?
True
Is 11324263 a prime number?
False
Is 833585767 a composite number?
True
Is 21265243 a composite number?
True
Is 279079133 composite?
False
Is 1742327 a prime number?
False
Is 7773739 composite?
False
Is 6487 a prime number?
False
Is 467057543 a prime number?
False
Is 2339419 a prime number?
False
Is 25405085 a prime number?
False
Is 7850033 prime?
True
Is 74490043 prime?
False
Is 92694499 a prime number?
False
Is 168678541 a prime number?
False
Is 5757517 composite?
True
Is 33865963 composite?
False
Is 4234651 composite?
False
Is 657973 a composite number?
False
Is 11976047 a prime number?
True
Is 11123371 a prime number?
False
Is 33439397 a composite number?
False
Is 367855273 composite?
False
Is 115268191 composite?
True
Is 8376149 composite?
False
Is 60818033 prime?
True
Is 201409763 composite?
False
Is 298283507 a prime number?
True
Is 55244669 a prime number?
False
Is 95799649 a composite number?
True
Is 297099953 composite?
False
Is 3664901 a composite number?
False
Is 511149 composite?
True
Is 129395809 prime?
False
Is 14119511 a prime number?
False
Is 61762133 a prime number?
True
Is 74341831 a prime number?
False
Is 356354651 a prime number?
True
Is 6435277 a prime number?
True
Is 552787 a prime number?
True
Is 9217457 prime?
False
Is 27586861 prime?
True
Is 173288957 a prime number?
True
Is 70950547 a composite number?
False
Is 229712501 prime?
False
Is 115417561 a prime number?
False
Is 566047 prime?
True
Is 8047505 a prime number?
False
Is 122303887 a composite number?
True
Is 74752879 a prime number?
True
Is 978656249 prime?
True
Is 409221559 composite?
True
Is 1119907 a prime number?
True
Is 6694643 a composite number?
False
Is 17075657 a prime number?
True
Is 140195543 a prime number?
True
Is 4886927 prime?
False
Is 24588059 prime?
True
Is 6907111 composite?
False
Is 662633 prime?
False
Is 3894559 a composite number?
True
Is 11324458 a prime number?
False
Is 14453459 a composite number?
False
Is 132513077 a composite number?
False
Is 7052827 composite?
False
Is 42931631 prime?
True
Is 30553 composite?
False
Is 2401939 a prime number?
True
Is 2232959 prime?
True
Is 2765341 composite?
True
Is 138037241 prime?
True
Is 9058957 a prime number?
True
Is 8525113 prime?
True
Is 58913593 a composite number?
True
Is 5591119 prime?
False
Is 5066923 prime?
False
Is 371670017 prime?
False
Is 1119901 a prime number?
False
Is 284453989 a prime number?
False
Is 47381921 composite?
True
Is 77400047 a prime number?
False
Is 6261403 a composite number?
True
Is 40839079 prime?
True
Is 86291831 prime?
True
Is 344849 a prime number?
False
Is 68058869 prime?
True
Is 1498237 composite?
True
Is 990413029 a prime number?
True
Is 4954303 prime?
True
Is 33620117 a prime number?
False
Is 5207521 composite?
True
Is 858489 prime?
False
Is 689641 composite?
False
Is 84580607 a composite number?
False
Is 883561 composite?
True
Is 2267911 a prime number?
True
Is 154822201 a 